8?
2, 3, 7, 2237
What are the prime factors of 1576659?
3, 7, 75079
What are the prime factors of 218417?
218417
List the prime factors of 2148509.
11, 195319
List the prime factors of 29973434.
2, 14986717
What are the prime factors of 177604?
2, 7, 6343
List the prime factors of 214769.
293, 733
List the prime factors of 707423.
349, 2027
What are the prime factors of 2505533?
2505533
What are the prime factors of 5296182?
2, 3, 882697
List the prime factors of 424319.
7, 60617
List the prime factors of 51079.
7, 7297
What are the prime factors of 6247080?
2, 3, 5, 7, 37, 67
List the prime factors of 3648893.
19, 192047
List the prime factors of 5454262.
2, 11, 29, 83, 103
What are the prime factors of 1664384?
2, 13003
What are the prime factors of 5695?
5, 17, 67
What are the prime factors of 2504144?
2, 53, 2953
What are the prime factors of 495788?
2, 17, 23, 317
List the prime factors of 3678566.
2, 1839283
What are the prime factors of 313603?
313603
What are the prime factors of 531522?
2, 3, 17, 193
What are the prime factors of 432209?
79, 5471
What are the prime factors of 1193398?
2, 37, 16127
What are the prime factors of 699860?
2, 5, 7, 4999
List the prime factors of 25184283.
3, 43, 197, 991
List the prime factors of 711989.
137, 5197
What are the prime factors of 86698?
2, 67, 647
List the prime factors of 2417203.
2417203
What are the prime factors of 3620127?
3, 7, 19, 43, 211
What are the prime factors of 4703462?
2, 2351731
List the prime factors of 1585549.
7, 83, 2729
List the prime factors of 550043.
13, 29, 1459
What are the prime factors of 316568?
2, 7, 5653
What are the prime factors of 145925?
5, 13, 449
What are the prime factors of 1075744?
2, 33617
List the prime factors of 36840.
2, 3, 5, 307
List the prime factors of 521612.
2, 7, 13, 1433
What are the prime factors of 31984?
2, 1999
List the prime factors of 8796754.
2, 139, 31643
What are the prime factors of 2514590?
2, 5, 13, 23, 29
What are the prime factors of 10547686?
2, 947, 5569
List the prime factors of 23716.
2, 7, 11
List the prime factors of 839854.
2, 419927
List the prime factors of 445197.
3, 148399
List the prime factors of 520917.
3, 89, 1951
List the prime factors of 149209.
17, 67, 131
What are the prime factors of 748036?
2, 187009
What are the prime factors of 396885?
3, 5, 26459
What are the prime factors of 262431?
3, 13, 2243
What are the prime factors of 24096953?
37, 103, 6323
What are the prime factors of 25270212?
2, 3, 11, 191441
What are the prime factors of 187040?
2, 5, 7, 167
What are the prime factors of 549987?
3, 183329
What are the prime factors of 430338?
2, 3, 17, 4219
What are the prime factors of 17157?
3, 7, 19, 43
List the prime factors of 5740699.
5740699
What are the prime factors of 3055483?
79, 38677
What are the prime factors of 928511?
19, 48869
List the prime factors of 57228.
2, 3, 19, 251
List the prime factors of 1077736.
2, 11, 37, 331
List the prime factors of 21036806.
2, 7, 1502629
List the prime factors of 2012696.
2, 7, 127, 283
What are the prime factors of 2588092?
2, 13, 71, 701
What are the prime factors of 877876?
2, 19, 11551
What are the prime factors of 4687483?
4687483
List the prime factors of 37046071.
37046071
List the prime factors of 111386.
2, 11, 61, 83
List the prime factors of 1771100.
2, 5, 89, 199
What are the prime factors of 2769135?
3, 5, 184609
List the prime factors of 12917386.
2, 47, 131, 1049
List the prime factors of 2760464.
2, 7, 503
List the prime factors of 2384037.
3, 264893
What are the prime factors of 10844545?
5, 47, 46147
List the prime factors of 1393403.
11, 19, 59, 113
What are the prime factors of 81716?
2, 31, 659
List the prime factors of 604428.
2, 3, 11, 19, 241
What are the prime factors of 17207761?
239, 71999
List the prime factors of 263838.
2, 3, 43973
What are the prime factors of 6628700?
2, 5, 13, 5099
List the prime factors of 2902475.
5, 116099
List the prime factors of 10043876.
2, 31, 107, 757
List the prime factors of 579514.
2, 13, 31, 719
List the prime factors of 2396075.
5, 11, 8713
List the prime factors of 456889.
163, 2803
What are the prime factors of 386586?
2, 3, 7159
What are the prime factors of 1060177?
1060177
List the prime factors of 3131911.
3131911
What are the prime factors of 513224?
2, 64153
List the prime factors of 2131632.
2, 3, 113, 131
List the prime factors of 2012749.
17, 197, 601
List the prime factors of 2566683.
3, 7, 131, 311
What are the prime factors of 25697168?
2, 7, 73, 449
What are the prime factors of 8902056?
2, 3, 370919
What are the prime factors of 6096952?
2, 283, 2693
What are the prime factors of 20864702?
2, 10432351
What are the prime factors of 298422?
2, 3, 59, 281
What are the prime factors of 617082?
2, 3, 19, 5413
What are the prime factors of 95642?
2, 17, 29, 97
List the prime factors of 61816.
2, 7727
What are the prime factors of 247703?
19, 13037
List the prime factors of 273868.
2, 7, 9781
What are the prime factors of 4782522?
2, 3, 61, 73, 179
List the prime factors of 5036066.
2, 7, 359719
What are the prime factors of 1218132?
2, 3, 11279
What are the prime factors of 12866960?
2, 5, 17, 9461
What are the prime factors of 303880?
2, 5, 71, 107
What are the prime factors of 6096934?
2, 37, 47, 1753
What are the prime factors of 583998?
2, 3, 131, 743
List the prime factors of 134131.
113, 1187
List the prime factors of 379650.
2, 3, 5, 2531
What are the prime factors of 1191635?
5, 61, 3907
What are the prime factors of 7815475?
5, 312619
List the prime factors of 10522976.
2, 149, 2207
List the prime factors of 713870.
2, 5, 71387
What are the prime factors of 50217?
3, 19, 881
What are the prime factors of 123220?
2, 5, 61, 101
List the prime factors of 2863780.
2, 5, 31, 149
What are the prime factors of 282300?
2, 3, 5, 941
What are the prime factors of 25739862?
2, 3, 4289977
List the prime factors of 319418.
2, 11, 14519
What are the prime factors of 24019643?
24019643
What are the prime factors of 3094925?
5, 43, 2879
What are the prime factors of 2565846?
2, 3, 142547
What are the prime factors of 275893?
17, 16229
What are the prime factors of 369626?
2, 19, 71, 137
List the prime factors of 881919.
3, 29, 31, 109
List the prime factors of 1228316.
2, 307079
What are the prime factors of 292909?
292909
What are the prime factors of 1819?
17, 107
List the prime factors of 2552825.
5, 11, 9283
List the prime factors of 11071487.
7, 23, 68767
List the prime factors of 1673976.
2, 3, 19, 3671
What are the prime factors of 497330?
2, 5, 41, 1213
What are the prime factors of 343648?
2, 10739
What are the prime factors of 837233?
17, 2897
What are the prime factors of 4050?
2, 3, 5
What are the prime factors of 3818053?
29, 31, 137
What are the prime factors of 250616?
2, 31327
List the prime factors of 307571.
11, 27961
What are the prime factors of 1787924?
2, 17, 26293
What are the prime factors of 1970186?
2, 19, 139, 373
List the prime factors of 43124.
2, 10781
What are the prime factors of 2233555?
5, 103, 4337
List the prime factors of 196690.
2, 5, 13, 17, 89
What are the prime factors of 210975?
3, 5, 29, 97
List the prime factors of 5473902.
2, 3, 7, 47, 59
List the prime factors of 4064426.
2, 2032213
List the prime factors of 65861.
67, 983
List the prime factors of 3980431.
7, 13, 17, 31, 83
List the prime factors of 415390.
2, 5, 41539
List the prime factors of 13768085.
5, 587, 4691
List the prime factors of 1193980.
2, 5, 59699
List the prime factors of 270304.
2, 8447
What are the prime factors of 3633652?
2, 11, 269, 307
List the prime factors of 1044194.
2, 127, 4111
What are the prime factors of 5064903?
3, 109, 1721
List the prime factors of 958177.
11, 87107
List the prime factors of 26464267.
26464267
What are the prime factors of 157981?
17, 9293
List the prime factors of 14499803.
367, 39509
List the prime factors of 3874414.
2, 1937207
List the prime factors of 5836344.
2, 3, 19, 12799
What are the prime factors of 1640599?
1640599
List the prime factors of 2088755.
5, 417751
List the prime factors of 613248.
2, 3, 1597
List the prime factors of 1530612.
2, 3, 17, 41, 61
List the prime factors of 2695871.
2695871
List the prime factors of 847405